te the remainder when 60272 is divided by 1688.
1192
Calculate the remainder when 19181394 is divided by 9213.
9141
Calculate the remainder when 28489603 is divided by 159.
142
Calculate the remainder when 191323 is divided by 2015.
1913
Calculate the remainder when 17257418 is divided by 628.
606
What is the remainder when 92706624 is divided by 871?
868
Calculate the remainder when 4039656 is divided by 370.
366
Calculate the remainder when 17909717 is divided by 20.
17
What is the remainder when 7409339 is divided by 217?
91
Calculate the remainder when 1005875 is divided by 1091.
1064
What is the remainder when 40319 is divided by 281?
136
Calculate the remainder when 4257 is divided by 213.
210
Calculate the remainder when 105815 is divided by 8816.
23
Calculate the remainder when 3549763 is divided by 507100.
63
What is the remainder when 43713 is divided by 6431?
5127
What is the remainder when 33379 is divided by 2313?
997
Calculate the remainder when 2320311 is divided by 26.
19
Calculate the remainder when 8094644 is divided by 2447.
2415
What is the remainder when 1702995 is divided by 170285?
145
Calculate the remainder when 544238 is divided by 364.
58
What is the remainder when 9158190 is divided by 262?
242
What is the remainder when 26717 is divided by 944?
285
What is the remainder when 747577 is divided by 16?
9
Calculate the remainder when 1663820 is divided by 65.
15
What is the remainder when 6077841 is divided by 88084?
45
Calculate the remainder when 2243823 is divided by 10017.
15
Calculate the remainder when 570595 is divided by 11.
3
Calculate the remainder when 2276369 is divided by 2265.
44
Calculate the remainder when 13364 is divided by 5935.
1494
What is the remainder when 1284782 is divided by 427961?
899
What is the remainder when 229142747 is divided by 125?
122
Calculate the remainder when 290148653 is divided by 238.
235
What is the remainder when 442051 is divided by 5666?
103
Calculate the remainder when 150245817 is divided by 36.
33
Calculate the remainder when 8920535 is divided by 2230123.
43
What is the remainder when 73231 is divided by 70839?
2392
Calculate the remainder when 79632856 is divided by 129.
124
Calculate the remainder when 191344 is divided by 2345.
1399
What is the remainder when 1228610 is divided by 166?
44
Calculate the remainder when 540513 is divided by 401.
366
Calculate the remainder when 42344852 is divided by 42.
32
What is the remainder when 566237 is divided by 20962?
263
What is the remainder when 24744310 is divided by 230?
220
What is the remainder when 795912 is divided by 113689?
89
Calculate the remainder when 6503416 is divided by 20.
16
What is the remainder when 4425260 is divided by 6277?
6252
What is the remainder when 117657 is divided by 121?
45
What is the remainder when 246504 is divided by 8291?
6065
What is the remainder when 115551 is divided by 57699?
153
Calculate the remainder when 90103483 is divided by 902.
899
What is the remainder when 14826 is divided by 5575?
3676
What is the remainder when 1086546 is divided by 1923?
51
Calculate the remainder when 18374579 is divided by 35.
34
What is the remainder when 30238349 is divided by 217?
50
What is the remainder when 13498934 is divided by 2249816?
38
Calculate the remainder when 5992532 is divided by 31.
15
Calculate the remainder when 1522894 is divided by 111.
85
Calculate the remainder when 612022 is divided by 171.
13
What is the remainder when 1563967 is divided by 2231?
36
What is the remainder when 526080 is divided by 405?
390
What is the remainder when 30630 is divided by 15273?
84
Calculate the remainder when 147170 is divided by 206.
86
Calculate the remainder when 173921 is divided by 74.
21
What is the remainder when 562733 is divided by 477?
350
Calculate the remainder when 14477510 is divided by 14015.
15
What is the remainder when 645197 is divided by 1566?
5
What is the remainder when 513385 is divided by 1630?
1565
Calculate the remainder when 262410 is divided by 262360.
50
What is the remainder when 12411945 is divided by 1978?
1973
What is the remainder when 1496950 is divided by 1221?
4
Calculate the remainder when 284910496 is divided by 196.
192
Calculate the remainder when 31817 is divided by 1983.
89
Calculate the remainder when 71006756 is divided by 2780.
2776
What is the remainder when 24035 is divided by 10510?
3015
Calculate the remainder when 124206 is divided by 165.
126
Calculate the remainder when 42458886 is divided by 489.
483
Calculate the remainder when 392322 is divided by 1128.
906
Calculate the remainder when 14231973 is divided by 227.
208
Calculate the remainder when 240047711 is divided by 2997.
2996
What is the remainder when 30538443 is divided by 20690?
3
Calculate the remainder when 4956506 is divided by 39.
35
What is the remainder when 143195 is divided by 46044?
5063
What is the remainder when 30590186 is divided by 179?
160
What is the remainder when 74131 is divided by 260?
31
What is the remainder when 2098693 is divided by 749?
744
What is the remainder when 2545751 is divided by 868?
775
What is the remainder when 418478 is divided by 237?
173
Calculate the remainder when 463560 is divided by 231653.
254
What is the remainder when 3341 is divided by 1668?
5
What is the remainder when 15474592 is divided by 2?
0
What is the remainder when 6041139 is divided by 3020564?
11
What is the remainder when 26209747 is divided by 81?
10
What is the remainder when 27805455 is divided by 253?
249
What is the remainder when 1508875 is divided by 1299?
736
What is the remainder when 267922 is divided by 2891?
1950
What is the remainder when 414220 is divided by 662?
470
What is the remainder when 4933277 is divided by 57?
41
What is the remainder when 1893779 is divided by 1260?
1259
What is the remainder when 328135 is divided by 27?
4
What is the remainder when 20520915 is divided by 33?
30
What is the remainder when 4861794 is divided by 333?
327
Calculate the remainder when 15180657 is divided by 205.
202
What is the remainder when 125483 is divided by 31363?
31
What is the remainder when 37914379 is divided by 14?
13
What is the remainder when 1389940 is divided by 126357?
13
What is the remainder when 72929 is divided by 22?
21
Calculate the remainder when 7647549 is divided by 955942.
13
Calculate the remainder when 10595894 is divided by 267.
266
Calculate the remainder when 1651532 is divided by 14487.
14
Calculate the remainder when 69521152 is divided by 20.
12
What is the remainder when 31801132 is divided by 10600376?
4
Calculate the remainder when 1374892 is divided by 352.
332
What is the remainder when 1163170 is divided by 1976?
1282
Calculate the remainder when 360407 is divided by 1363.
575
What is the remainder when 7662311 is divided by 69?
68
Calculate the remainder when 71772987 is divided by 5871.
12
What is the remainder when 386218879 is divided by 14?
11
What is the remainder when 13498273 is divided by 245?
243
What is the remainder when 389257 is divided by 3971?
99
Calculate the remainder when 364014300 is divided by 31.
24
Calculate the remainder when 73870813 is divided by 272586.
7
Calculate the remainder when 9482264 is divided by 12.
8
What is the remainder when 1290034 is divided by 2434?
14
Calculate the remainder when 236378 is divided by 12379.
1177
Calculate the remainder when 24321485 is divided by 6080368.
13
Calculate the remainder when 85030 is divided by 5549.
1795
What is the remainder when 7562785 is divided by 135049?
41
Calculate the remainder when 234959334 is divided by 66.
60
Calculate the remainder when 1908765 is divided by 1908745.
20
Calculate the remainder when 9330 is divided by 8802.
528
Calculate the remainder when 651533 is divided by 1229.
163
What is the remainder when 91395 is divided by 91157?
238
What is the remainder when 99038751 is divided by 2743?
2736
What is the remainder when 7090383 is divided by 14?
13
What is the remainder when 81168 is divided by 1439?
584
What is the remainder when 201420 is divided by 289?
276
Calculate the remainder when 525236 is divided by 300.
236
What is the remainder when 9473708 is divided by 10?
8
What is the remainder when 134247578 is divided by 126?
